ist the prime factors of t(-6).
2, 5, 19
Let q(c) = 853*c - 34. List the prime factors of q(2).
2, 11, 19
Suppose -5*f - 4 + 14 = 0. Suppose -145 = -f*n + 95. What are the prime factors of n?
2, 3, 5
Suppose -6*x + 1475 = 305. Suppose 2*n + 4 = i - 27, x = 5*i - 2*n. List the prime factors of i.
41
Let b(a) be the second derivative of -19*a**3/6 - 7*a**2/2 + 8*a. What are the prime factors of b(-4)?
3, 23
List the prime factors of (-5)/(30/2006)*(-10 + 7).
17, 59
Let r(k) = -k**2 + 11*k - 9. Let i = -1 - -11. Let d be r(i). Suppose -5*m = 3*c - 70, -c - c - d = -m. List the prime factors of m.
11
Suppose 5*b + 7 = -v, -5*v - b - 23 = -3*v. Let n = -12 - v. Suppose -3*m + 2*m + 38 = n. List the prime factors of m.
2, 19
Let q(n) = n**3 - 13*n**2 - 8*n + 7. Let j be q(7). Let w = -241 - j. Let s = w - 54. List the prime factors of s.
2, 3
Let c = 33 - 30. Suppose -c*n - 340 = -7*n. List the prime factors of n.
5, 17
Let i(m) = 3*m**2 + 6*m + 59. List the prime factors of i(20).
7, 197
Let n be 570/40 - (-1)/(-4). Suppose 0 = 18*r - n*r - 184. List the prime factors of r.
2, 23
Suppose 2*f + 8 = 4. Let u(y) = 13*y**2 + 1. List the prime factors of u(f).
53
Suppose 0 = -j - 3 + 5. Let o be 1/(1/j) + 5. Suppose -4*z + 3*t = -51, 0 = 2*z + 8*t - 3*t + o. List the prime factors of z.
3
Let k(h) = 4*h**3 + 3*h**2 - 3*h + 1. Suppose 14*o - 15*o + 1 = 0. Let c be k(o). Suppose c*t + t - 30 = 0. List the prime factors of t.
5
Let l(h) = -h**3 + 12*h**2 + 7*h - 16. Let m be l(9). Let f = m + -202. List the prime factors of f.
2, 11
Suppose 7*x + 8 = 11*x. Suppose 2*v - 4*c = 48, -4*v = -x*v + 5*c - 12. Suppose -30 = -i + v. What are the prime factors of i?
2, 23
Let t = 4 - -6. Suppose 0 = -5*j - 0 + t. Suppose 3 = j*h - 3. What are the prime factors of h?
3
Let d be (2/(-4))/(2/(-20)). Let q(w) = -w**2 + 5*w + 11. Let g(o) = o. Let f(j) = 6*g(j) - q(j). List the prime factors of f(d).
19
Suppose 0 = 223*b - 219*b - 252. Suppose t - 3 = -1. Suppose 4*x + 2*n - b = 33, -3*n = -t*x + 56. List the prime factors of x.
5
Suppose -4*h - 8 = 0, 4*k - h - 67 = -k. Let q = k - -86. Suppose 24 + 34 = 2*u - 4*g, -2*g = -3*u + q. List the prime factors of u.
5, 7
Let o = 31 - -13. Let b = o + -26. What are the prime factors of b?
2, 3
Let p(l) = -14*l**2 + 2*l + 21. Let t be p(7). List the prime factors of 8/(-44) - 5/(55/t).
59
Let z be -4 + 1 - -16 - 4. Suppose -2*f - z = 7. Let o = -6 - f. What are the prime factors of o?
2
Suppose 0 = 4*t - 5236 - 4792. What are the prime factors of t?
23, 109
Let l(w) = 4 + w**3 - 8*w**2 + w + 2*w + 0*w**2. Let r be l(8). Let o = -10 + r. What are the prime factors of o?
2, 3
Let i = 48 - 38. Suppose 0*x + x - i = -4*f, 0 = 4*x + 5*f - 95. List the prime factors of x.
2, 3, 5
Suppose 28 = t - 3*h, -6*t - h = -t - 220. Let w(a) = 36*a + t*a - a**2 - 5 - 72*a. What are the prime factors of w(5)?
5
Let r(w) = -w**3 + 17*w**2 - 16*w - 6. Let v be r(16). Let d = -2 - v. Suppose 3*g - 336 = -d*g. List the prime factors of g.
2, 3
Suppose -3*y = y - 36. Let h = 11 - y. Suppose 0 = -x + 3, h*x = -n - 0*x + 24. List the prime factors of n.
2, 3
Suppose 5*x = -0*x. Suppose -2*c - 2*c - 292 = x. Let d = c + 126. List the prime factors of d.
53
Let i(x) = 41*x + 191. List the prime factors of i(13).
2, 181
Suppose 0 = q + 4*a - 573, 3*a + 3 = 6. List the prime factors of q.
569
Let q(h) = h**3 - 15*h**2 - 3*h + 2. List the prime factors of q(16).
2, 3, 5, 7
Let z = -626 - -1673. List the prime factors of z.
3, 349
Suppose 5*a + 4*k - 3930 = 0, -3*a + 0*k + k + 2375 = 0. List the prime factors of a.
2, 5, 79
Let d(i) = -11*i**3 + i**2 - 2*i + 1. Let n be d(1). Let x = 48 + n. List the prime factors of x.
37
Suppose -5*n = -264 - 361. Let r = -6 + n. List the prime factors of r.
7, 17
Let y be ((-4)/10)/(7/(-2555)). Let r = y - 87. List the prime factors of r.
59
Let z = 441 + 2862. What are the prime factors of z?
3, 367
Let n be (10 + -7)*(-1 + 2). Suppose 3*c + 19 = 4*p - n*p, -28 = 5*c + 2*p. What are the prime factors of (-4)/c - (-80)/6?
2, 7
Let i(p) = -p**3 - 3. Let v be i(-2). Suppose 4*t - 293 = -4*h + 3*t, 0 = -v*h + 4*t + 382. What are the prime factors of h?
2, 37
Let p be (4 + 23)*1/3. Let c(s) = s**2 - 2*s + 3. Let m be c(0). What are the prime factors of m/p - (-190)/15?
13
Let h be 2/(-5) + (-6435)/(-25). Let c be 3*1*(-1328)/(-48). Suppose 6*t - h = -c. What are the prime factors of t?
29
Suppose -5*o = -a - 1457, 4*a = o + 4*o - 1448. List the prime factors of o.
2, 73
Let i = 16 - 97. Let f = 221 + i. List the prime factors of f.
2, 5, 7
Suppose -2*g - 25 = 3*g. Let m be (-1074)/15 - (-2)/g. List the prime factors of (11/2)/((-6)/m).
2, 3, 11
Let d(m) = m**2 - 15*m + 14. Let k be d(10). List the prime factors of 848/9 + 8/k.
2, 47
Let g(j) = 13*j**2 - 4. Suppose 0 = -0*q + q - l, -5*l = -2*q - 6. Let s be g(q). Suppose -4*k + 80 = -3*a, 3*a + s = 3*k - 12. List the prime factors of k.
2, 5
Let f(y) = 3*y**3 - 7*y**2 - 4*y. What are the prime factors of f(4)?
2
Let r = -13 + 13. Suppose -4*j + 4 + 4 = r. Suppose j*t - t - 45 = 0. What are the prime factors of t?
3, 5
Let y = -460 + 16. What are the prime factors of 1/2 + y/(-24)?
19
Let p be 9/(-18) - 58/(-4). Let k = p - 12. Suppose -12 = -2*j + 3*z, 0*z = -k*j + z + 8. List the prime factors of j.
3
Let p(u) = u**2 + 6*u + 5. Let y be p(-7). Suppose -114 = -3*t - 4*r + y, t - 42 = r. List the prime factors of t.
2, 3, 7
Let o(l) = 248*l - 62. List the prime factors of o(6).
2, 23, 31
Let w(f) = -1 + f - 6 + f**2 + 2*f. Let u be w(-5). Suppose -u*l + 0 = -87. What are the prime factors of l?
29
Suppose 0 = 3*d + 4*d - 5*d. Suppose g - h - 2*h - 68 = d, 5*g - 2*h - 314 = 0. List the prime factors of g.
2, 31
Suppose 0 = 5*r + 3*u - 320, -5*u = -0*r + 4*r - 243. Let s = r - 40. What are the prime factors of 6/s + (-718)/(-9)?
2, 5
Suppose -797 = -2*m - 3*x, 0 = 3*m + 2*m - 2*x - 2040. What are the prime factors of m?
2, 7, 29
What are the prime factors of (-85)/(-340) - (11745/(-12) + -2)?
3, 109
Let w(d) = -252*d**3 + d**2 - d - 2. Let a(o) = -4*o - 9. Let z be a(-2). List the prime factors of w(z).
2, 3, 7
Suppose 2*h - 6 - 2 = 0. Let u = h - -62. List the prime factors of u.
2, 3, 11
Let o(g) = 32*g**2 + 13*g - 10. List the prime factors of o(4).
2, 277
Suppose 649 = -11*i + 4675. List the prime factors of i.
2, 3, 61
Let j = -13 + 19. Suppose 5*g + 14 = 5*h - 3*h, h - 2*g = j. Suppose 0*m - h*m + 108 = -5*r, -88 = -2*m - 5*r. What are the prime factors of m?
7
Suppose -4 = -2*y - 12. Let f be -1*(0 + y*22). Suppose -f = -5*p + p. List the prime factors of p.
2, 11
Suppose -x = -5*f + 4*x + 15, -f = -2*x. Suppose f*c - 20 = c. What are the prime factors of 135/(3/1) - c?
41
Suppose 36 = -3*u + 9. What are the prime factors of u/(-6)*(160 + -2)?
3, 79
Let v(q) = q**2 - 15*q - 121. What are the prime factors of v(23)?
3, 7
Suppose 3*d + 2211 = 3*r + 8484, 4*r - 16 = 0. List the prime factors of d.
5, 419
Let c be (-48)/(66/(-20) - -3). Let p = -79 + c. Suppose 0*q - p = -3*q. List the prime factors of q.
3
Let z be 4/(-10) + (-22)/(-5). Suppose 9*c - 14 - 4 = 0. Suppose -55 = -4*k - g - c*g, z*g - 70 = -5*k. What are the prime factors of k?
2, 5
Suppose p + 0*p - v = 5, -5*v - 25 = 5*p. List the prime factors of ((-135)/(-9))/(p + 3 + -2).
3, 5
Let a(l) = -3*l - 27. Let s be a(-11). Suppose -57 = -d - s. List the prime factors of d.
3, 17
Let k = 30 + -46. Let j = k + 6. What are the prime factors of 194/10 + (-6)/j?
2, 5
Suppose -2*p + 0*p - 5*u - 21 = 0, -3*u = 4*p + 7. List the prime factors of (p + (-28)/8)*-26.
3, 13
Let o(x) = -3*x**3 - 3*x**2 + x - 7. Let l be o(-3). Let r = -40 + l. List the prime factors of r.
2
Let v(l) be the third derivative of -l**6/40 - l**5/20 - l**4/8 - 7*l**2 - 2*l. List the prime factors of v(-4).
2, 3, 13
Suppose -15 - 9 = -12*w. Suppose -5*y - 49 = -b, -2*b + 4*y - w*y = -114. List the prime factors of b.
59
List the prime factors of 7/(-14) - -1 - 13275/(-6).
2213
Let h = 13 + 24. Let a be 4/6 + -1 + (-50)/(-15). Suppose h = -a*t - r + 197, t + 3*r = 64. What are the prime factors of t?
2, 13
Let f = -12 - -24. Let y = 39 + f. Suppose 5*g - y = 2*g. List the prime factors of g.
17
Suppose 8*g = 32*g - 52848. What are the prime fact